pose 4*u - z = 2*p, 260 = 3*u - 2*p + 3*p. What is the remainder when 177 is divided by u?
7
Suppose 0 = 4*z - 16, 0*z = -3*i + 3*z + 18. Let o(j) = 2*j**3 - 21*j**2 + 12*j - 13. Calculate the remainder when o(i) is divided by (2 - -1)*6/9.
1
Suppose 60*c = -20*c + 1052 + 948. Let x = 339 - 241. Calculate the remainder when x is divided by c.
23
Calculate the remainder when 1493 is divided by 21/9*(-3300)/(-350).
19
Suppose 4*s - 92 = 28. Suppose -j + 129 + s = 0. Calculate the remainder when j is divided by 54.
51
Suppose 2*b = -3*k + 85, 0 = 2*b - 3*k + 5*k - 82. Let g(f) = -f + 7*f - b + 42 - f**2. What is the remainder when g(3) is divided by 3?
1
Calculate the remainder when (30 + -29)*(355 - 4) is divided by 16.
15
Let q = -215 + 330. Let x = q + -94. What is the remainder when 221 is divided by x?
11
Let l = -13754 + 13878. Calculate the remainder when l is divided by 15.
4
Let i(s) be the first derivative of -27*s**2/2 + 116*s + 129. What is the remainder when 36 is divided by i(4)?
4
Calculate the remainder when 5*-6*(-6 - (10 - 8)) is divided by 23.
10
Let p(r) = 3*r**2 - 18*r + 55. Let y = -607 + 613. Calculate the remainder when 379 is divided by p(y).
49
Suppose 58 + 32 = 5*d. Suppose 6*c + 55 = c. Let k(n) = n**2 + 7*n - 10. Calculate the remainder when k(c) is divided by d.
16
Let i = 38 + -27. Calculate the remainder when 245 + (-13)/(52/24) is divided by i.
8
Let j(q) = 20*q**2 - 6*q - 10. Let n be j(-2). Suppose n*l + 51 = 85*l. Suppose 30 = 4*a + 2. Calculate the remainder when l is divided by a.
3
Let w(d) = d + 1. Let k be w(2). Suppose 4*j + 5 + 3 = 4*v, -4*v + 3 = -k*j. Let o(n) = -2*n + 6. What is the remainder when 29 is divided by o(v)?
5
Let t be (-1)/6 - (3/3)/(-6). Calculate the remainder when 12/66 + t - (-590)/22 is divided by 15.
12
Let u(o) = 4*o**3 - 74*o**2 + 45*o - 129. Calculate the remainder when ((-393)/4)/(1/(-4)) is divided by u(18).
30
Let j be ((178/6)/(5/15))/1. Let s = 95 - j. Calculate the remainder when (-4)/3 + 134/s is divided by 6.
3
Suppose 9*x - 127 = 71. Suppose 2*h = n - 13, 5*h - 30 + 43 = -4*n. Calculate the remainder when x is divided by n.
1
Suppose -5*o + o + 529 = -3*z, -o + 135 = 2*z. Suppose -4*a + 159 = 195, 3*r - 3*a = 66. Calculate the remainder when o is divided by r.
3
Suppose 6*d - 216 = -2*k, -80*d = k - 83*d - 102. What is the remainder when k is divided by (-3 + -9)*-2 - -3?
24
Let q = 521 + -201. What is the remainder when q is divided by 160?
0
Let y = -125 - -121. Let g = y + 15. What is the remainder when 50 is divided by g?
6
Let u(g) = -25*g - 3. Let j(h) = 2*h**2 - 37*h - 55. Let s(m) = m**2 - 6*m - 52. Let w be s(12). Calculate the remainder when u(-2) is divided by j(w).
2
Let p(q) = q**3 + 53*q**2 + 275*q - 26. What is the remainder when p(-47) is divided by 155?
148
Let u(j) = j**3 - 19*j**2 + 60*j + 9. Let p be 20/(-8)*(-4 + 0). Let s = p + -4. Calculate the remainder when u(4) is divided by s.
3
Let w be (-1376)/(-40) - (-24)/40. Suppose 72 = 3*z - 5*m, 3*z = 5*z + m - w. Let j = -17 + 52. Calculate the remainder when j is divided by z.
16
Let i(s) = -3*s**2 - 184*s - 227. Let g = 99 + -36. What is the remainder when g is divided by i(-60)?
11
Suppose 0 = 38*w - 36*w - 4*f - 72, -w + 46 = 3*f. What is the remainder when 468 is divided by w?
28
Calculate the remainder when (-14 + -20007 - 15)/(-4) is divided by 14.
11
Suppose 9*h - 172 = 1034. Let j = 148 - h. What is the remainder when 20 is divided by j?
6
Let i(n) = -n**3 + 37*n**2 - 251*n. Suppose 0*v + 9*v - 252 = 0. Calculate the remainder when v is divided by i(9).
1
Let b = 14177 + -14152. Calculate the remainder when b is divided by 14.
11
Let c = -7651 + 8033. Calculate the remainder when c is divided by 128.
126
Let n = 10205 - 8836. What is the remainder when n is divided by 27?
19
Suppose -2*p + 3*h + 8 = 5, -4*h = -p - 6. Let v(g) = g**3 - 7*g**2 + 7*g - 2. Suppose n + 6 = 4*n. What is the remainder when v(p) is divided by n?
0
Suppose -5*z + 461 = 4*r, -2*z - r = -5*r - 162. Calculate the remainder when z - (6 - (6 + 4)) is divided by 5.
3
Let k = -23533 - -23583. Calculate the remainder when 494 is divided by k.
44
Let b be (2048/(-64))/(-1*(-1 + 3)). Suppose 5*d - b*h - 100 = -21*h, 3*d - 3*h = 30. Calculate the remainder when d is divided by (1/(-2) - 0)*-6.
0
Let m = 7986 - 7541. Suppose 12 = -3*q, 3*x + q = 2*x + 86. Calculate the remainder when m is divided by x.
85
Let l = -708 + 721. Suppose -l*i + 25 + 1132 = 0. Suppose 3*o - 66 - 24 = 0. What is the remainder when i is divided by o?
29
Let l = 11 + -2. Let p(o) = o**2 + 3*o - 4. Let u(i) = 4*i**2 - 9*i - 1. Calculate the remainder when p(l) is divided by u(4).
23
Let u(b) = b**2 - 7*b + 8. Let c be u(6). Let s be (4/(16/(-86)))/(c/16). Let q = -110 - s. Calculate the remainder when q is divided by 16.
14
Suppose 9933 = 53*m - 1987 + 843. Calculate the remainder when 500 is divided by m.
82
Let w = -39 - -217. Let l = w - 134. Calculate the remainder when l is divided by 12.
8
Let l(i) = -71*i**2 + 148*i + 6. What is the remainder when -4 - (-66 + (-6)/(-3)) is divided by l(2)?
6
Let d = -37 - -10. Let s = -24 - d. Suppose s*m - 247 = -4*h, h + 2*m - 63 = -0*m. What is the remainder when h is divided by 16?
13
Suppose -83*l + 78*l - 4122 = -u, -18 = -3*l. Calculate the remainder when u is divided by 1380.
12
Let i(k) = k**3 + 19*k**2 - k + 45. Calculate the remainder when i(-17) is divided by 131.
116
Suppose -4*l = 4*d - 288, -454 = -5*d + 4*l - 103. What is the remainder when 278 is divided by d?
65
Let k be 1*(9 + (-8)/2). Suppose -m = -3*n - 8, 0 = -m - 2*m - k*n + 66. Suppose u = -f + 7, 3*f - 2*u - m = -u. What is the remainder when f is divided by 3?
0
Suppose -4*m - 12*y = -7*y - 95, 130 = 4*m - 2*y. Let a(n) = 2*n**3 - 25*n**2 - 7*n + 41. What is the remainder when a(13) is divided by m?
29
Suppose x = -x - 4*j + 202, 5*x - 480 = -5*j. Let u = -77 + 149. Let r = x - u. Calculate the remainder when r is divided by 6.
1
Let w(v) = 2*v**2 + 160*v + 1416. What is the remainder when 2833 is divided by w(-80)?
1
Suppose -4*b + 0*p + 3*p + 23 = 0, 3*p = -4*b + 17. Suppose l + 499 = 3*x + 6*l, -b*x - 2*l = -800. What is the remainder when x is divided by 52 - ((-2)/2)/1?
52
Let m(f) be the first derivative of 11*f**2/2 - f + 1. Let c = 2439 - 2402. What is the remainder when c is divided by m(1)?
7
Let i(y) = -48*y**3. Suppose 157*h + 589 = 3*z + 161*h, 4*z = 2*h + 734. Calculate the remainder when z is divided by i(-1).
43
Let l(u) = 7*u**2 + 15*u + 13. Let i(b) = -6*b**2 - 14*b - 13. Let w(h) = 6*i(h) + 5*l(h). Let m = 79 - 46. What is the remainder when m is divided by w(-4)?
5
Suppose g - 25 = 5*v - 33, -4*g + 2*v = -94. Let a(k) = -k + 11. What is the remainder when g is divided by a(-6)?
10
Suppose 0 = -5*x - 12 + 42. Let k be -103 - (4 + (-14)/3)*x. Let l = 116 + k. What is the remainder when 61 is divided by l?
10
Let n = 449 + -152. Calculate the remainder when n is divided by 138.
21
Let i(g) = 1100*g - 1441. What is the remainder when 5587 is divided by i(3)?
10
Suppose 447*m + 694*m - 44080 = -379*m. What is the remainder when (-118*(-1 + 2))/(-2) is divided by m?
1
Let g(l) = -643*l - 3285. What is the remainder when g(-23) is divided by 84?
80
Suppose -x - 36 - 159 = 5*p, 5*p = -2*x - 370. Let l = 195 + x. Calculate the remainder when 337 is divided by l.
17
Let t be (-21 - -23)/(-3 - -1). Let l be 18/((-35)/30 - t). Let x = l + 111. Calculate the remainder when 6 is divided by x.
0
Let z(h) = -60*h + 2625. Let s be z(44). Suppose 2*a - 22 - 6 = v, -21 = 2*v + 3*a. What is the remainder when (s/v*3)/((-1)/(-12)) is divided by 19?
11
Let s be -3*(-2 + (-120)/(-9)). Let j be 4/4 + (-2 - s). Calculate the remainder when 62 is divided by j + (-5 + 3)/2.
30
Suppose 7*s - 4 = 5*s. Let m = -263 - -268. Suppose -m*y - 5 = -2*a - 2*y, s*y = a - 2. Calculate the remainder when 5 is divided by a.
1
Let s = 19181 - 19115. What is the remainder when 236 is divided by s?
38
Suppose 8 = 3*g - 7. Suppose -z - 3*z - 2*h + 62 = 0, -5*z + 55 = -g*h. Let n(u) = u**3 - 8*u**2 - 3*u - 19. What is the remainder when n(9) is divided by z?
7
Let u(k) = k**2 + 9*k + 22. Let f be u(-5). Let i(t) = -t**2 + t + 50. What is the remainder when i(0) 